{"id":597,"date":"2024-08-07T20:01:44","date_gmt":"2024-08-07T20:01:44","guid":{"rendered":"https:\/\/www.mauertrocken.at\/?page_id=597"},"modified":"2024-08-08T09:08:45","modified_gmt":"2024-08-08T09:08:45","slug":"schimmel-3","status":"publish","type":"page","link":"https:\/\/www.mauertrocken.at\/?page_id=597","title":{"rendered":"Schimmel"},"content":{"rendered":"\t\t<div data-elementor-type=\"wp-page\" data-elementor-id=\"597\" class=\"elementor elementor-597\">\n\t\t\t\t<div class=\"elementor-element elementor-element-559d60a e-flex e-con-boxed e-con e-parent\" data-id=\"559d60a\" data-element_type=\"container\">\n\t\t\t\t\t<div class=\"e-con-inner\">\n\t\t\t\t<div class=\"elementor-element elementor-element-308f1f3 elementor-widget elementor-widget-text-editor\" data-id=\"308f1f3\" data-element_type=\"widget\" data-widget_type=\"text-editor.default\">\n\t\t\t\t<div class=\"elementor-widget-container\">\n\t\t\t<style>\/*! elementor - v3.23.0 - 05-08-2024 *\/\n.elementor-widget-text-editor.elementor-drop-cap-view-stacked .elementor-drop-cap{background-color:#69727d;color:#fff}.elementor-widget-text-editor.elementor-drop-cap-view-framed .elementor-drop-cap{color:#69727d;border:3px solid;background-color:transparent}.elementor-widget-text-editor:not(.elementor-drop-cap-view-default) .elementor-drop-cap{margin-top:8px}.elementor-widget-text-editor:not(.elementor-drop-cap-view-default) .elementor-drop-cap-letter{width:1em;height:1em}.elementor-widget-text-editor .elementor-drop-cap{float:left;text-align:center;line-height:1;font-size:50px}.elementor-widget-text-editor .elementor-drop-cap-letter{display:inline-block}<\/style>\t\t\t\t<p>Die Bestimmung der Ursache des Schimmels ist nur vor Ort m\u00f6glich, da eine Vielzahl an m\u00f6glichen Ursachen besteht. Da Schimmel sehr sch\u00e4dlich f\u00fcr die Atemwege sein kann,\u00a0 kann es lebensbedrohliche Folgen nach sich ziehen. Schimmel kann heutzutage leicht beseitigt werden, um ihre Gesundheit zu sch\u00fctzen.<\/p>\t\t\t\t\t\t<\/div>\n\t\t\t\t<\/div>\n\t\t\t\t\t<\/div>\n\t\t\t\t<\/div>\n\t\t<div class=\"elementor-element elementor-element-8189bcb e-flex e-con-boxed e-con e-parent\" data-id=\"8189bcb\" data-element_type=\"container\">\n\t\t\t\t\t<div class=\"e-con-inner\">\n\t\t\t\t<div class=\"elementor-element elementor-element-72bfb21 elementor-widget elementor-widget-image\" data-id=\"72bfb21\" data-element_type=\"widget\" data-widget_type=\"image.default\">\n\t\t\t\t<div class=\"elementor-widget-container\">\n\t\t\t<style>\/*! elementor - v3.23.0 - 05-08-2024 *\/\n.elementor-widget-image{text-align:center}.elementor-widget-image a{display:inline-block}.elementor-widget-image a img[src$=\".svg\"]{width:48px}.elementor-widget-image img{vertical-align:middle;display:inline-block}<\/style>\t\t\t\t\t\t\t<figure class=\"wp-caption\">\n\t\t\t\t\t\t\t\t\t\t<img fetchpriority=\"high\" decoding=\"async\" width=\"800\" height=\"534\" src=\"https:\/\/www.mauertrocken.at\/wp-content\/uploads\/2024\/08\/p4.jpg\" class=\"attachment-large size-large wp-image-614\" alt=\"\" srcset=\"https:\/\/www.mauertrocken.at\/wp-content\/uploads\/2024\/08\/p4.jpg 1135w, https:\/\/www.mauertrocken.at\/wp-content\/uploads\/2024\/08\/p4-1024x683.jpg 1024w, https:\/\/www.mauertrocken.at\/wp-content\/uploads\/2024\/08\/p4-768x512.jpg 768w\" sizes=\"(max-width: 800px) 100vw, 800px\" \/>\t\t\t\t\t\t\t\t\t\t\t<figcaption class=\"widget-image-caption wp-caption-text\">Abb. 4: Schimmelbefall<\/figcaption>\n\t\t\t\t\t\t\t\t\t\t<\/figure>\n\t\t\t\t\t\t\t<\/div>\n\t\t\t\t<\/div>\n\t\t\t\t\t<\/div>\n\t\t\t\t<\/div>\n\t\t\t\t<\/div>\n\t\t","protected":false},"excerpt":{"rendered":"<p>Die Bestimmung der Ursache des Schimmels ist nur vor Ort m\u00f6glich, da eine Vielzahl an m\u00f6glichen Ursachen besteht. Da Schimmel<\/p>\n","protected":false},"author":1,"featured_media":0,"parent":0,"menu_order":0,"comment_status":"closed","ping_status":"closed","template":"","meta":{"footnotes":"","_links_to":"","_links_to_target":""},"class_list":["post-597","page","type-page","status-publish","hentry"],"_links":{"self":[{"href":"https:\/\/www.mauertrocken.at\/index.php?rest_route=\/wp\/v2\/pages\/597"}],"collection":[{"href":"https:\/\/www.mauertrocken.at\/index.php?rest_route=\/wp\/v2\/pages"}],"about":[{"href":"https:\/\/www.mauertrocken.at\/index.php?rest_route=\/wp\/v2\/types\/page"}],"author":[{"embeddable":true,"href":"https:\/\/www.mauertrocken.at\/index.php?rest_route=\/wp\/v2\/users\/1"}],"replies":[{"embeddable":true,"href":"https:\/\/www.mauertrocken.at\/index.php?rest_route=%2Fwp%2Fv2%2Fcomments&post=597"}],"version-history":[{"count":8,"href":"https:\/\/www.mauertrocken.at\/index.php?rest_route=\/wp\/v2\/pages\/597\/revisions"}],"predecessor-version":[{"id":739,"href":"https:\/\/www.mauertrocken.at\/index.php?rest_route=\/wp\/v2\/pages\/597\/revisions\/739"}],"wp:attachment":[{"href":"https:\/\/www.mauertrocken.at\/index.php?rest_route=%2Fwp%2Fv2%2Fmedia&parent=597"}],"curies":[{"name":"wp","href":"https:\/\/api.w.org\/{rel}","templated":true}]}}

<div data-elementor-type="wp-page" data-elementor-id="597" class="elementor elementor-597">
				<div class="elementor-element elementor-element-559d60a e-flex e-con-boxed e-con e-parent" data-id="559d60a" data-element_type="container">
					<div class="e-con-inner">
				<div class="elementor-element elementor-element-308f1f3 elementor-widget elementor-widget-text-editor" data-id="308f1f3" data-element_type="widget" data-widget_type="text-editor.default">
				<div class="elementor-widget-container">
			<style>/*! elementor - v3.23.0 - 05-08-2024 */
.elementor-widget-text-editor.elementor-drop-cap-view-stacked .elementor-drop-cap{background-color:#69727d;color:#fff}.elementor-widget-text-editor.elementor-drop-cap-view-framed .elementor-drop-cap{color:#69727d;border:3px solid;background-color:transparent}.elementor-widget-text-editor:not(.elementor-drop-cap-view-default) .elementor-drop-cap{margin-top:8px}.elementor-widget-text-editor:not(.elementor-drop-cap-view-default) .elementor-drop-cap-letter{width:1em;height:1em}.elementor-widget-text-editor .elementor-drop-cap{float:left;text-align:center;line-height:1;font-size:50px}.elementor-widget-text-editor .elementor-drop-cap-letter{display:inline-block}</style>				<p>Die Bestimmung der Ursache des Schimmels ist nur vor Ort möglich, da eine Vielzahl an möglichen Ursachen besteht. Da Schimmel sehr schädlich für die Atemwege sein kann,  kann es lebensbedrohliche Folgen nach sich ziehen. Schimmel kann heutzutage leicht beseitigt werden, um ihre Gesundheit zu schützen.</p>						</div>
				</div>
					</div>
				</div>
		<div class="elementor-element elementor-element-8189bcb e-flex e-con-boxed e-con e-parent" data-id="8189bcb" data-element_type="container">
					<div class="e-con-inner">
				<div class="elementor-element elementor-element-72bfb21 elementor-widget elementor-widget-image" data-id="72bfb21" data-element_type="widget" data-widget_type="image.default">
				<div class="elementor-widget-container">
			<style>/*! elementor - v3.23.0 - 05-08-2024 */
.elementor-widget-image{text-align:center}.elementor-widget-image a{display:inline-block}.elementor-widget-image a img[src$=".svg"]{width:48px}.elementor-widget-image img{vertical-align:middle;display:inline-block}</style>							<figure class="wp-caption">
										<img fetchpriority="high" decoding="async" width="800" height="534" src="https://www.mauertrocken.at/wp-content/uploads/2024/08/p4.jpg" class="attachment-large size-large wp-image-614" alt="" srcset="https://www.mauertrocken.at/wp-content/uploads/2024/08/p4.jpg 1135w, https://www.mauertrocken.at/wp-content/uploads/2024/08/p4-1024x683.jpg 1024w, https://www.mauertrocken.at/wp-content/uploads/2024/08/p4-768x512.jpg 768w" sizes="(max-width: 800px) 100vw, 800px" />											<figcaption class="widget-image-caption wp-caption-text">Abb. 4: Schimmelbefall</figcaption>
										</figure>
							</div>
				</div>
					</div>
				</div>
				</div>

<p>Die Bestimmung der Ursache des Schimmels ist nur vor Ort möglich, da eine Vielzahl an möglichen Ursachen besteht. Da Schimmel</p>
